
3
What is the units digit of (-3 + 125 + 2)/2?
2
Let q(a) = -a**3 - a**2 + 5. Let f be q(0). Suppose -n - n + 12 = 0. Let z = n - f. What is the units digit of z?
1
Let j(w) = 3 - 6 + 3 - 2*w + 1. What is the units digit of j(-4)?
9
Suppose -4*s + 226 = -2*s. Let j be 2/8 + s/(-4). Let f = j + 39. What is the units digit of f?
1
Suppose c - 2 = -s, 2*c + 7 = 5*s - 17. Suppose -40 = s*x - 6*x. What is the tens digit of x?
2
What is the units digit of 30/4*(-16)/(-20)?
6
Let a(n) = 2*n**2 - 3*n + 2. Let u be a(3). Suppose 3*j = u + 19. Suppose 0 = -d + 6*d - 5*p - j, 5*d + 2*p = 24. What is the units digit of d?
4
Let q = 3 - -1. Let o(z) = -3*z + 7. Let x(w) = 2*w - 5. Let c(d) = -5*o(d) - 7*x(d). What is the units digit of c(q)?
4
Let a(b) = b**2 + 3*b - 3. Let c be a(2). Let s = c - 3. Suppose -34 = -s*j - 2. What is the units digit of j?
8
Suppose -85 = -5*m - 0*m. Let a = 50 + -19. Suppose -4*x + a = -d, -x - d = x - m. What is the units digit of x?
8
Let u = -43 - -154. What is the units digit of u?
1
Suppose 5*f - 42 = 173. What is the units digit of f?
3
Suppose -2*x + 25 = -5*j, 20 = x - 7*j + 2*j. Let c be 68 - (-1 - -2 - 1). Suppose c = -z + x*z. What is the units digit of z?
7
Let d(y) = 2*y + 22. Let g = 11 + -11. What is the tens digit of d(g)?
2
Let b = 3 - 3. Suppose b = w + 2*w. What is the units digit of w + (1 - 6/(-3))?
3
Let v(p) = -p**3 - 3*p**2 + 3*p - 2. What is the tens digit of v(-5)?
3
Let s(m) = -m**2 + 5*m + 3. Let q be s(5). Let i be -2 + 0 + 2*q. Suppose -i*x = -2*x - 2. What is the units digit of x?
1
Let g(i) = i**3 + 5*i**2 + 2. Let k be g(-5). Suppose 0 = k*l - 0*l + 2*x - 44, -3*x - 70 = -5*l. What is the tens digit of l?
1
Let r = 1 + 4. What is the units digit of r?
5
Let m = 1 - -13. What is the units digit of m?
4
Let k(f) = 4*f**3 + f**2. Let a be k(1). Suppose -4*r + 63 = a*s + 6, -4*r + 47 = 3*s. What is the units digit of r?
8
Suppose 2*c - 4*s = -2*c, 4*c - 2*s = -10. Let a = 8 + c. Suppose h = 5, d = a*h - 10 - 3. What is the units digit of d?
2
Suppose 2*l - 27 - 41 = 0. What is the units digit of l?
4
Let h be 3/(-6) + 30/(-4). Suppose -4*d = -6 + 26. Let b = d - h. What is the units digit of b?
3
Let f be 1*4 - (2 + 7). What is the units digit of f*(102/(-10) + 3)?
6
Let b = 6 - -8. Let t = b + -3. What is the units digit of t?
1
Let c = -15 + 22. Suppose 2*k - 30 = 5*g - 11, g = 4*k + c. Let u = k + 11. What is the units digit of u?
8
Suppose 2*r - 6 + 33 = k, -3*k + 93 = -2*r. What is the units digit of k?
3
Let m(r) = r**2 - 7*r + 5. Let p be 42/4*6/9. Let o be m(p). Suppose 12 = -z + o*z. What is the units digit of z?
3
Let i(p) = 8*p + 51. What is the hundreds digit of i(23)?
2
Let a(t) = -t + 4. Let k be a(5). What is the units digit of -2 - k - -3 - -3?
5
Suppose 5*b + 4*d - 1031 = 0, 0 = -b - 2*d + d + 206. What is the units digit of b?
7
Suppose -27 = 3*m + 5*s, -4*s = -5*s - 3. Let i = m - -18. What is the units digit of 192/i + 18/63?
4
Let d be (-1)/2*-6 + -9. Let f = d + 8. Suppose -3*a - f*y = -42, -5*a + 2*y - 4*y + 70 = 0. What is the tens digit of a?
1
Let a = 33 - -7. What is the tens digit of a?
4
Let s = 3 + -96. Let g = 63 + s. Let m = -20 - g. What is the units digit of m?
0
Let x(k) = k**2 - k + 19. Let r = -2 - -2. What is the units digit of x(r)?
9
Let w be 7/(1*3/3). Let u = 10 - w. What is the units digit of u?
3
Let x(a) = -2*a**2 + 41*a - 6. Let t(w) = -w**2 + 21*w - 3. Let h(l) = -11*t(l) + 6*x(l). What is the tens digit of h(13)?
2
Let x = -150 + 234. What is the units digit of x?
4
What is the units digit of ((-4)/2)/(8/(-268))?
7
Let y be 6 - 3*2/(-2). Let o = y + -5. Suppose -o*x - 9 - 65 = -3*w, 4*x + 92 = 4*w. What is the tens digit of w?
1
Let i be (-16)/5*15/(-6). Let k(p) = p**3 - 8*p**2 + 4*p + 7. What is the tens digit of k(i)?
3
Suppose 0 = -l - 2 + 14. What is the tens digit of l?
1
Suppose 2*g + 50 = w, 0 = -3*w - 10*g + 5*g + 205. What is the tens digit of w?
6
Let j(f) = -5*f - 19. What is the units digit of j(-8)?
1
Let k(s) = -s**3 - 4*s**2 - s - 5. Let c be 4/(6/(-3) - -1). Let l be k(c). Let j = l + 2. What is the units digit of j?
1
Suppose 478 = 6*w - 290. What is the tens digit of w?
2
Let l = -4 + 7. Suppose -x - 6 = -l*a, 3*a = -2*x - 0*a + 15. Suppose -q = 2*q - x. What is the units digit of q?
1
Let z = -186 - -272. What is the units digit of z?
6
Suppose 21*c - 1182 = 15*c. What is the units digit of c?
7
Let w(a) = 2*a**2 - 1. Suppose j = i + 4, -10 = -j - j + 3*i. Suppose 0 = 5*t - j*t + 2*c + 7, t = 3*c + 5. What is the units digit of w(t)?
1
Let a(w) = 2*w + 3. Let j be a(-2). Let y(b) = -8*b + 2. What is the tens digit of y(j)?
1
Let b = -8 - -16. What is the units digit of b?
8
Suppose -2*u = -3*s - 16, 20 = -3*s + u + 3*u. Let r be s/(-14) - (-74)/(-14). Let i = r - -11. What is the units digit of i?
6
Let s(p) = p**2 - 4*p - 5. Let o be s(5). Suppose o = 4*i - 12, 2*w = 4*w - 3*i - 17. What is the units digit of w?
3
Suppose 35*c = 36*c - 100. What is the tens digit of c?
0
Let b = 2 + 13. What is the units digit of b?
5
Suppose -t = 5*j - 62, -j - 54 = -t + 14. What is the tens digit of t?
6
Let c be 2/(-6) + (-100)/(-30). What is the tens digit of 29*c/(-6)*-2?
2
Suppose 95 = -4*k + 311. What is the units digit of k?
4
Let x be (18/21)/(2/98). Suppose -f - f = -x. What is the tens digit of f?
2
What is the units digit of ((-3)/((-3)/(-7)))/(-1)?
7
Let p be (-4)/(-10) - (-51)/(-15). What is the units digit of 6/(-9)*p + 2?
4
Let x(f) = -f**2 + 6*f - 2. Let g(s) = -s. Let u be g(5). Let n = 8 + u. What is the units digit of x(n)?
7
Suppose 3*g - 33 - 27 = -5*y, -5*y = -15. Let v = g + 3. What is the units digit of v?
8
Suppose 2*z - 1 = 9. What is the units digit of 1*(-2 + 3)*z?
5
Let r(k) = 2*k**2 - 3. What is the units digit of r(2)?
5
Let o(f) = -f**3 - 2*f**2 + 2*f - 4. What is the tens digit of o(-5)?
6
Suppose 4 = -0*b + b. Let w be (2/b)/(1/8). Suppose -22 = -w*j + 5*i, -j + 5*j + i - 34 = 0. What is the units digit of j?
8
Let t = 544 + -220. What is the tens digit of t?
2
Suppose 4*x = j + 498, x + j = -3*j + 133. Suppose 4*k = -k + x. What is the tens digit of k?
2
Suppose 2*n = 4*c + 28, 5*n - c + 4*c = 5. Suppose -n*z + 3*l = 60, z - 5*z - 88 = 4*l. Let o = z + 33. What is the units digit of o?
5
Suppose 2*o - 4*v + 10 = 4*o, 5*o - 3*v - 38 = 0. Let l = 22 - o. What is the tens digit of l?
1
Let b(g) = -4*g - 11. Let o(c) = -3*c - 11. Let s(r) = 4*b(r) - 5*o(r). What is the units digit of s(6)?
5
Suppose 1972 = 17*z - 1462. What is the tens digit of z?
0
Suppose 4*r - 28 = 2*a, -5*a + 2 = 2*r - 0*a. Let m(p) = 7*p - 13. What is the units digit of m(r)?
9
Let c(i) = 7*i - 19. What is the tens digit of c(17)?
0
Suppose 0 = -21*a + 13*a + 3456. What is the tens digit of a?
3
Let s be (-6)/9 - (-230)/3. Let h = 112 - s. What is the units digit of (h/(-8))/((-2)/4)?
9
Let i(v) be the first derivative of -v**4/4 + 5*v**3 - 7*v**2 + v + 2. What is the units digit of i(14)?
1
Let v = -99 - -156. What is the tens digit of v?
5
Suppose -74 = -4*v - 14. What is the tens digit of (2 + v)*(-1 + 3)?
3
Suppose 3*o - 2 = o. Let x(g) = -7*g**2 - g + 1. Let a be x(o). Let s(b) = b**3 + 7*b**2 - 3*b - 9. What is the tens digit of s(a)?
1
Let d = 4 + -10. Suppose n + 5 = 3*u, -n = 3*n - 5*u - 8. Let l = d + n. What is the units digit of l?
1
Suppose -2*p - 114 = -5*p. Suppose -4*i + p = -26. What is the tens digit of i?
1
Let g be 1 + -1 + 1 + -1. Let p = 31 + -29. Suppose g = -p*f + 5*h + 6, 0 = f - 0*h - h - 3. What is the units digit of f?
3
Suppose 0 = -5*b + 5*j - 10, b = 5*b - 2*j + 12. Let t = 3 + -9. What is the units digit of b/t + (-48)/(-9)?
6
What is the tens digit of -45*(25/15 + -2)?
1
Suppose 2*s = 5*s + 264. Let k = s - -128. What is the units digit of k?
0
Let l = 2 - 0. Let m(x) = 5*x + 7. Let u(r) = -11*r - 15. Let c(b) = -13*m(b) - 6*u(b). What is the units digit of c(l)?
1
What is the units digit of (-30)/7*(-6 + -1)?
0
Suppose 5*o - o = 0. Suppose o = -6*i + i + 65. What is the units digit of i?
3
Suppose g = -3*g + 28. Suppose 4*f = 12, g*f = 4*p + 2*f + 11. What is the units digit of p + 3*(3 + -2)?
4
Let t(j) = -2*j + 4. Let x be t(7). Let v = 19 + x. What is the units digit of v?
9
Suppose 144 = 6*i - 3*i. W